 = l + 3*f - 0*f + 37. Let h be (-3*8/30)/(1/l). What is the highest common factor of h and 140?
20
Let s be ((-14)/(-42))/((-3)/(-27)). What is the greatest common factor of 252 and s?
3
Suppose 270 + 2460 = 6*h. What is the greatest common divisor of 273 and h?
91
Let u be ((-21)/(-14))/(3/10). Suppose 11*a - u*a - 336 = 0. Let o(q) = -q**2 - 10*q - 9. Let g be o(-8). What is the greatest common factor of a and g?
7
Let c = 135 - 44. Suppose -14*r = -23*r + 117. What is the highest common divisor of r and c?
13
Let k = -217 - -497. Calculate the greatest common factor of 70 and k.
70
Suppose 8 = 2*j - 2. Suppose 0 = -3*q - 4*z + j, -4*z = -5*q + 19. What is the greatest common divisor of q and 3?
3
Let c(l) = -l**3 - 4*l**2 + 5*l - 36. Let n be c(-7). Let g(d) = 2*d. Let u be g(-2). Let v = u + n. Calculate the greatest common factor of 8 and v.
8
Let l be 4/(-16)*0 + -14. Let d = l + 16. Suppose d*v + 0*m - 32 = m, -v = -5*m + 2. Calculate the greatest common divisor of 2 and v.
2
Let q be ((-6)/(-10))/(26/2990). Let b be (3 - 16/6)*q. What is the greatest common divisor of 184 and b?
23
Let z(t) = -t**3 + 13 + 11 + 11 - 29 - t. Let p be z(0). Calculate the greatest common divisor of 2 and p.
2
Suppose t = 3*x + 11, 3*t - 3*x = 11 + 40. Let w be (-2)/(-5)*t/8. Let l = 19 + -11. What is the greatest common factor of l and w?
1
Let q be ((-1044)/203)/((9/(-42))/1). Calculate the highest common factor of 21 and q.
3
Let x = -63 + 184. Suppose 0 = 2*d + 10*d - 240. Suppose -2*g + p = -d, -4*g + 35 = 5*p - 19. What is the greatest common factor of x and g?
11
Suppose 1751*f - 1756*f = -10080. What is the highest common factor of 14 and f?
14
Let u = 34 - 28. Suppose 0 = -u*c + 5*c + 3. Suppose -c*t = -5*f + 2*t + 130, -2*f + 32 = 2*t. Calculate the greatest common divisor of 63 and f.
21
Suppose -5*q + 2*o + 362 = -2*q, 3*o + 603 = 5*q. Let m = q + -179. Let p = m - -86. What is the highest common divisor of 9 and p?
9
Suppose 2*g = y - 14, 2*y - 2*g = 5 + 21. What is the highest common factor of 120 and y?
12
Suppose -4*n + 0*m - 2*m + 452 = 0, 2*n = 3*m + 218. Let d be (-129)/27*-3 + 20/12. What is the greatest common factor of d and n?
16
Let q(h) = -h**2 + 2*h + 15. Let l be q(-3). Suppose l = -3*m + 144 + 465. Calculate the highest common divisor of 29 and m.
29
Let s = -99 + 163. Calculate the greatest common factor of s and 224.
32
Suppose -16*z + 502 + 3978 = 0. What is the greatest common divisor of 120 and z?
40
Let s = -775 + 786. Calculate the highest common factor of s and 1628.
11
Let h(q) = 22*q - 2. Let r be h(9). Let x = r - 81. Let s(i) = 46*i. Let y be s(1). Calculate the greatest common divisor of y and x.
23
Let r be 3 - (-1 + (-4)/(-4)). Let x be 0*r/6*-1. Suppose l - 52 - 124 = x. Calculate the highest common divisor of l and 22.
22
Let o be 7/(-4) - (-3)/(-12). Let i be (-4)/o - 0 - -4. Let d(t) = t**2 - 7*t - 6. Let r be d(8). Calculate the highest common divisor of i and r.
2
Let z be 14/3 + 6/(-9). Suppose -44 = -2*s - 3*s - c, 3*c - 52 = -5*s. What is the greatest common divisor of s and z?
4
Suppose -15*b + 672 = 27*b. What is the greatest common factor of b and 52?
4
Suppose -74*s + 50*s = -432. What is the highest common factor of s and 342?
18
Suppose -3*i = -5*o + 101, 0 = -5*o + 10*i - 8*i + 104. What is the greatest common factor of o and 176?
22
Let a = 139 + -20. Suppose 265 = 2*y - a. Let x(s) = s**2 - s + 2. Let t be x(6). Calculate the greatest common divisor of t and y.
32
Let x(p) = p**3 - 7*p**2 - 3*p - 5. Let o be x(8). Let d = o - 4. Suppose -2*i - 4 = 2*i, 2*s = i + d. What is the highest common divisor of s and 3?
3
Let j be ((-14)/(-6) - 3) + 782/3. Calculate the greatest common divisor of 52 and j.
52
Let v(g) = 101*g - 202. Let r be v(8). Calculate the greatest common divisor of r and 707.
101
Let j = -271 + 283. What is the highest common factor of 12 and j?
12
Let x = -604 - -620. Let l(s) = 9*s + 4. Let n be l(4). Calculate the highest common factor of n and x.
8
Suppose 0 = -5*z + 56 + 144. Suppose -12*u + 0*u = -60. Calculate the highest common factor of z and u.
5
Let c(r) = -2*r**3 + r**2 - r - 2. Let f be c(-2). Let y be 139 + 9/(-3) - 4/(-1). What is the greatest common factor of y and f?
20
Suppose 0 = 2*a - 4, 0 = -5*y - 0*y + 4*a + 2. Let u(v) = -5*v. Let k be u(y). Let s be (-302)/k - 1/5. Calculate the greatest common divisor of 12 and s.
6
Let c(u) = u**3 + 3*u**2 + 2*u + 3. Let y be c(-4). Let r = y + 26. Calculate the highest common divisor of 45 and r.
5
Suppose 0 = -23*p + 6*p + 1190. What is the greatest common factor of 112 and p?
14
Let p = 147 + 7. Suppose -51*q - 44*q + 2090 = 0. What is the highest common factor of q and p?
22
Suppose 25 = -2*b + 169. What is the greatest common factor of b and 96?
24
Let b = -936 + 1336. Calculate the greatest common divisor of 160 and b.
80
Suppose 0 = 2*f - 24 + 26. Let v be 1482/10 + f/5*1. What is the highest common divisor of v and 37?
37
Let s = -12 + 24. Let o(a) = a**2 - a - 24. Let l be o(-12). Calculate the greatest common divisor of l and s.
12
Let v(p) = 2*p - 12. Let t be v(7). Suppose t*d + 510 = 5*d. What is the highest common divisor of 17 and d?
17
Suppose -2*q = -q + 65. Let p = -37 - q. What is the greatest common factor of 21 and p?
7
Let l = -2 + 6. Suppose 4*a + 0*g - 2*g - 112 = 0, l*g = -8. Calculate the highest common factor of a and 36.
9
Let z be (9/1)/(2 - 1). Let b = -3 + z. Calculate the greatest common divisor of 54 and b.
6
Let r = -39 - -60. Let x = r + -8. Let j = -62 + 205. What is the greatest common divisor of x and j?
13
Suppose -3 = -x - 1. Let a be -4*x*2/(-8). Suppose 0*o = o - y - 113, 0 = -o + a*y + 109. Calculate the greatest common factor of 13 and o.
13
Let m(u) = -2*u - 2. Let x be m(-3). Suppose b - 5*b = 5*l - 30, 4*l + 12 = 4*b. Suppose 0 = b*o - 18 - 122. Calculate the greatest common factor of x and o.
4
Let q(g) = -g**3 - 7*g**2 + 15*g - 15. Let j be q(-11). Suppose -4*c + 600 = -0*z + 4*z, 2*c - j = -z. What is the greatest common divisor of 14 and c?
14
Let r(v) = 67*v - 9. Let u be r(5). Suppose 0 = 7*l - 10 - u. Let f = -10 + 16. What is the greatest common divisor of l and f?
6
Suppose 63 + 55 = b + 5*j, 5*j = -25. Calculate the greatest common divisor of 13 and b.
13
Let i(q) = -12*q - 4. Let b be i(-4). Suppose -4*k = -2*y - b, -3*y + 4 = -2. What is the greatest common factor of k and 8?
4
Let s = 63 + -94. Let a = -19 - s. What is the highest common divisor of 228 and a?
12
Let c be 3/(-15) - 22/(-10). Suppose 0*h - 5*h = 5*y, -c*h - 5 = 3*y. Suppose k + x = 0, 4*k = -0*x - 3*x + h. Calculate the greatest common divisor of k and 5.
5
Let l(b) = b**3 - 8*b**2 + 9*b - 8. Let p be l(7). Let a be (0 + -27)*p/(-9). Suppose 0*s + 12*s - 1512 = 0. Calculate the highest common divisor of s and a.
18
Let q be (44/55)/((-2)/(-40)). Let y be 4/(10/(-50) + q/30). What is the highest common factor of 3 and y?
3
Let c = -27 - -11. Let i = -14 - c. Suppose -i*r = r - 153. Calculate the greatest common divisor of 34 and r.
17
Let p(b) = 2*b**2 + 28*b - 33. Let l be p(-14). Let s be (l/(-6)*1 + 0)*2. Calculate the greatest common factor of s and 143.
11
Let y(b) = 2*b**3 + 3*b - 1. Let x be y(2). Let o be (28/10)/(-3*1/(-30)). Calculate the greatest common divisor of o and x.
7
Let m = -2027 - -2037. What is the greatest common factor of 730 and m?
10
Let s(f) = 2*f**2 - 3. Let q be s(3). Suppose 4*t - 3*o = o - 408, 5*o = t + 90. Let y = t - -225. Calculate the highest common factor of y and q.
15
Suppose -z = -19 + 17. Suppose -z*q + 0*q = -36. Let v be (-6)/q + (-232)/(-12). Calculate the greatest common divisor of 76 and v.
19
Suppose -2*o = -0*o - 4. Let s = 25 - o. Let w(z) = z**2 + 6*z + 26. Let r be w(-15). What is the highest common factor of s and r?
23
Let g(u) = u**2 - 3*u + 26. Let i be g(0). What is the highest common factor of i and 286?
26
Suppose -2*l + a = -6*l + 505, -5*l + 5*a = -650. Suppose l*i + 24 = 131*i. Calculate the greatest common factor of 30 and i.
6
Let p(m) = -m**3 + 7*m**2 + 19*m - 3. Let r be p(9). Let h = -406 + 224. Let x be h/(-3) - (-16)/(-24). What is the greatest common factor of x and r?
6
Let u(z) be the third derivative of -1/24*z**4 - 4*z**2 + 